aluate ((19 - 24) + (2 - 4) - (-4 + -3)) + 72.
72
27 + -2 - (93 + (-43 - 77))
52
What is (97 - ((44 - 39) + 4 + -23)) + -2 + 2?
111
(-598 - -606 - (-2 - 2)) + -5 + (-4 - -7)
10
What is -115 - -231 - 90 - 99?
-73
Evaluate (16 + -29 - -11) + (0 - (-4 - -6)) + 55.
51
Evaluate 13 - (13 + -11 + -16 + 12) - 0.
15
Evaluate -23 - (-33 + 0 + 91 - 25).
-56
Calculate -22 + (12 - (-14 + (39 - 10) - -3)).
-28
Evaluate (0 - -1) + (-85 + 44 - -43) - -32.
35
What is 18 - (31 + 0) - (15 - 8 - -17)?
-37
7 + (-415 - -473) + (-21 - -1)
45
What is the value of 539 + -498 - (29 + 1) - (2 - -94)?
-85
Calculate -66 + 7 + (-20 - -7 - -2 - -8).
-62
17 + -14 + -20 + 10 + 13 + -4 - -12
14
(-7 + -25 - -7) + -17 - 71
-113
What is -1 + 10 - (-9 - (47 + -52)) - 60?
-47
What is -35 + (-66 - -45) + (1 - -27)?
-28
What is 808 + -807 + (36 - 1) + 0 + 11?
47
(9 - (2 - -1 - 1)) + -89 + (40 - -5)
-37
Evaluate -850 - -659 - (-109 - -36).
-118
Calculate -1 + 0 + 12 - (-34 - (13 + 13)).
71
What is the value of (140 - 169) + -8 + 23?
-14
What is -6 + 4 + -33 + 19 + 44 + 2?
30
-1587 - -1610 - (96 - 0)
-73
Calculate -374 + 414 + (-1 - 67).
-28
Evaluate 121 + -2 - (195 - 202 - (10 - 33)).
103
Evaluate 54 + (-185 - -67) + 36.
-28
Evaluate -39 + -2 - 1 - (61 - (-15 + 85)).
-33
What is -28 + (42 - 33) + 41?
22
Calculate -1 - 19 - (-114 - -44 - -58).
-8
-4 - 83 - (3495 + -3592)
10
What is 42 + (35 - 52 - 175) + 33?
-117
Calculate 29 - (26 - 3) - (-5 + 1 - -40).
-30
What is 37 + -40 - (8 - (1 - -14)) - -5?
9
Evaluate 11 + (-13 - (-25 + 6)) - 13 - -16.
20
What is the value of 2 - -10 - (-35 + 10 + 7 - -34)?
-4
Calculate 131 - (104 + 68 + -95).
54
Calculate 1 + 15 - (-17 - -9 - -20).
4
Evaluate 23 - (0 - (-22 - -6)) - (124 - -3).
-120
Evaluate (976 - 962) + (-20 - (-4 + 5 - -2)).
-9
Calculate -132 + 138 + 0 - (-3 - 24).
33
What is (81 - 90) + (-40 - 4) + 13?
-40
Calculate 9 - (88 + -4) - -25 - 18.
-68
Calculate (52 - (-1 - (48 - 83))) + 3 + -1.
20
Calculate 17 + -17 + -53 + (23 + -9 - 23).
-62
What is -188 + 169 + 0 + 4 - (-3 + -7) - -24?
19
-12 + 4 - (-2 + 1) - (1 + -7)
-1
-12 - (-5 + -1 - (285 + -299))
-20
Evaluate (3 + 11 - 5) + (-212 - -231).
28
What is 4 - -56 - (999 + -865)?
-74
Evaluate 11 - 17 - (5 - 4) - 3 - (5 + -5).
-10
Evaluate 0 + -13 + (-297 - (-277 + -107)).
74
Calculate -20 + 31 + -32 - -9.
-12
Evaluate (25 - 35) + -27 + -5.
-42
38 + -14 + 15 - 106
-67
What is (-87 - -27) + 67 + (1 - (5 + -4) - -78)?
85
Evaluate -3 + 14 - (1745 - 1652).
-82
Evaluate -8 + 96 - 95 - (28 - -4).
-39
Evaluate 47 + -70 + 7 + -17 + 0.
-33
Calculate (38 - 70 - -47) + -27.
-12
What is -15 + 18 - 33 - (-15 + 10)?
-25
What is the value of -67 - 30 - 96 - -117?
-76
What is the value of 541 + -492 + -1 + -3 + 3?
48
Evaluate -30 + (-40 - (60 - 88)).
-42
Calculate 11 - (-4 + -3 + 12 + -6 + 15 + 25).
-28
-15 + (88 - 1) + -1012 + 992
52
Calculate 76 - 88 - (-2 - (-7 + -1)).
-18
What is the value of 53 + -7 + (179 - 289)?
-64
Calculate 19 + -43 + 37 + 20.
33
30 + -10 + (44 + -70 - -4)
-2
What is 611 + -636 - (-23 + 13)?
-15
Evaluate -73 + (2 - -34 - (361 + -340)) + -13 + -2.
-73
What is the value of -10 - -6 - -7 - 52 - (-37 + 1 - -31)?
-44
Evaluate -2 - (-3 + 1) - (-55 - (-46 - 6)).
3
What is -13 + 4 + -11 + 3 + 29 + -11 + 27?
28
What is (13 - -7) + 31 + -76?
-25
What is 2 + -8 + 174 + -164 + (4 - (-72 + 2))?
78
What is the value of -1 + (-5 - (35 - -6)) + 28?
-19
10 + (-2 - 36 - 1) + (8 - 15)
-36
Calculate -40 + 4 - 51 - -52.
-35
Calculate 17 + -53 + (524 - 417).
71
What is 50 - 0 - (-28 - (-78 + 34))?
34
Calculate 193 + (137 - 254) + (3 - 5).
74
(5 - (13 - 9)) + (-37 - -111)
75
(-9 - 3) + -38 + -24 + 38
-36
(49 - (-1 - -58)) + -2
-10
What is 22 + -37 + (0 - -29) + 118 + -121?
11
Calculate -67 + (1 - 21) + 29 + -3.
-61
What is the value of 17 - 2 - (14 - -1 - (561 - 547))?
14
Calculate -12 - (-3 + -4) - (0 + -5).
0
Calculate -2 - (0 - -5) - (-1157 - -1176).
-26
What is the value of -12 + -95 - (-73 + 41)?
-75
What is the value of -12 + 3 + (-11 - 12) + -4?
-36
What is 59 + -6 + -19 - (-14 - -4)?
44
What is the value of -40 + (30 - (-99 + -26 + 11))?
104
What is -41 + 69 + (2 - 15)?
15
What is the value of -32 - -7 - (-21 - 25)?
21
Evaluate 7 + -116 + 67 - ((2 - -4) + -3 + -1).
-44
18 + (-21 + 39 - 6) + -13
17
What is -2227 + 2239 + (31 - 0)?
43
What is the value of 5 - (15 - -16 - -27)?
-53
(-5 - -12) + (0 - -16) + -68
-45
What is the value of (-1730 - -1750) + -31 + 0 + -8?
-19
What is (-22 + 3 + 14 - 16) + 49?
28
Calculate 9 - (-9 - (-8 - -5 - (12 + -61 + -5))).
69
Evaluate (2524 - 2623) + (182 - 1).
82
Calculate (-10 - (8 + -17 + 11)) + 12 + -61.
-61
Evaluate (-11 - -6) + 2 - (0 - 0) - (5 + 1).
-9
50 + -27 + (10 - (16 - -9)) + 31
39
-22 - -52 - 28 - ((-7 - -2) + -19)
26
Evaluate -29 + 25 + (-3 + (-6 - -89) - (19 - 27)).
84
What is 9 - (0 + 3 + 1) - (6 - -25)?
-26
What is the value of -18 - (10 - -24 - (-5 + 8))?
-49
Calculate 42 + (-10 + -2 + 0 - (-40 - (38 - 68))).
40
Evaluate (1 - -29) + (131 - 66 - 53).
42
What is the value of (-9 - -7 - 3) + -50 + (-8 - (4 - 6))?
-61
Calculate (47 - (1 + (0 - (-5 - -14)))) + -14.
41
(5 - 34) + 10 + -8 + (24 - 10) + -9
-22
Evaluate 21 - (-5 - (0 + (-2 - (-16 - -7)))).
33
What is the value of (6 - (4 - -3) - (-5 - -1)) + (10 - 2)?
11
Evaluate (-12 - -16 - -71) + (-27 - -33).
81
Evaluate -64 + 145 + (-80 - -1).
2
Calculate (107 - -1) + 5597 + -5671.
34
-23 + (101 + -1 - (-402 - -389)) - -10
100
Calculate -323 - -544 - (106 + 11).
104
What is 1 - -118 - (-34 + 99)?
54
What is 12 - (13 + (6 - 6) + 40)?
-41
(14 - (42 - 25) - -10) + 2 + -92 + 2
-81
Evaluate -264 + 233 - (-7 + 2 - 17).
-9
Evaluate (214 - 213) + (-67 - (4 + 3)).
-73
What is (6127 - 6119) + (0 - 1 - 2) + 0?
5
What is 0 - (-2 + 58) - -3 - (-39 - -16 - -25)?
-55
38 + 0 - (108 + -277 + 309)
-102
Calculate (-43 - -49) + (7 - 1) - (2 + -7 + -3).
20
What is -9 + (9 - -68) + (4 - 12) + (-34 - -29)?
55
1 + -13 + (67 - 62) - -8 - (-2 + -2)
5
Evaluate (-5 - (-13 + (7 - (-14 + 13)))) + -3 + 14.
11
What is -13 + 11 + -8 + (-4 - (-2 - 5)) + -89?
-96
What is the value of -32 + -3 + 1178 + -1186?
-43
What is (-255 - (-280 - -84)) + (11 - 1)?
-49
What is 1132 + -1134 + (109 - 4 - 3)?
100
Evaluate 777 + -764 - (4 - (8 - -4)).
21
41 + 2 - ((3 - 2) + 32 + -18 - 18)
46
What is the value of -28 + -25 - (1 + 6 + 122 + -118)?
-64
What is the value of -10 + 4 + -9 - -30?
15
What is -2 + 14 - (-21 + (9 - 26) - -30)?
20
-29 + -8 - 7 - (-17 - -2)
-29
What is the value of -20 + 24 + -17 + 13 + (-8 + 40 - -8)?
40
What is -7 + -5 + (-266 - -267) + (-1 - -11) + 67?
66
What is the value of -1 + -30 - (-21 + (10 - (19 + -31)))?
-32
What is 104 - (-3 + (0 - -5) - (13 + (30 - 55)))?
90
What is the value of (-97 - -1) + (17936 - 17864)?
-24
-90 - ((47 - 47) + -43)
-47
Evaluate 86 + (31 - 70) - 8.
39
Calculate 43 + -34 - ((0 - -6) + -4) - (1 - 20).
26
Calculate -1967 - -1959 - (34 + 4 + -4).
-42
Calculate (2 - (-9 + 3)) + (0 - 87) + 10.
-69
Calculate (3 - -7) + (-46 - -39) + -9.
-6
What is the value of 9 - (5 - -47) - (-13 + 22) - (1 - 0)?
-53
What is the value of (1 - 4) + -5 + (34 + 9 - (-71 - -47))?
59
Evaluate -14 + 15 + 19 + -19 + -10 + 6.
-3
Evaluate 4 - (-45 - (40 + -67)).
22
-130 + -11 + 50 - -42
-49
What is the value of 17 + (5 - 24) + 27 - 24?
1
Evaluate 7 + -17 + (-17 - 42 - -29).
-40
Evaluate (44 - (21 + 10 - 5)) + -37.
-19
Calculate -20 - (-15 - (-2 + 11 - -17)).
21
65 - (43 + -117 + 72 + (0 - 1))
68
What is the value of -82 + 79 + 16 + -127?
-114
Calculate 51 + -164 - (-92 + -59).
38
Calculate (14 + (0 - 5) - 19) + 4 + 1.
-5
Calculate 15 + (-3 - (9 + 2 - 0 - 6)) + 111.
118
What is 93 + -52 + -111 + 94?
24
(75 - 186) + 49 + 14
-48
Calculate 101 + -5 + 20 + -13 - 13.
90
What is (8 - -4) + (5 - (-4 - -13)) + -4 + 33?
37
(51 - 102 - -36) + 121 + (0 - 2 - 1)
103
-4 + -60 + 21 + -3 + -5 + -7
-58
What is 653 - 641 - (9 + 16 + 1)?
-14
What is the value of 3 + -11 + (33 - 17) + 0?
8
What is the value of (23 - 4) + -26 + -82 + 43?
-46
Calculate -4 + -1 - (-18 - (-29 + -17 - -17)).
-16
What is (-34 - -47) + (-96 - (-10 + 9 - 2))?
-80
Evaluate 15 - (-18 + -1 + 36) - (-2 + -1 + -1).
2
What is the value of 38 + (18 - (-20 - -31) - -38)?
83
Calculate (-206 - (206 + -371)) + (1 - (4 + (0 - 0))).
-44
Calculate (37 - 1) + 0 + (222 - (369 + -157)).
46